{"id":182,"date":"2018-02-20T16:22:25","date_gmt":"2018-02-20T16:22:25","guid":{"rendered":"http:\/\/karjalohjanvpk.fi\/?page_id=4"},"modified":"2018-02-20T16:22:25","modified_gmt":"2018-02-20T16:22:25","slug":"etusivu","status":"publish","type":"page","link":"https:\/\/www.karjalohjanvpk.fi\/","title":{"rendered":"Etusivu"},"content":{"rendered":"<p>Karjalohjan VPK huolehtii p\u00e4\u00e4s\u00e4\u00e4nt\u00f6isesti Karjalohjan alueen palo- ja pelastusteht\u00e4vist\u00e4 yhdess\u00e4 L\u00e4nsi-Uudenmaan pelastuslaitoksen kanssa. Karjalohjan VPK avustaa my\u00f6s kiireellist\u00e4 sairaankuljetusta ensivastetoiminnallaan. L\u00e4ht\u00f6aika kaikkina vuorokaudenaikoina (24\/7\/365) on ensivasteteht\u00e4viin kymmenen minuuttia ja palo-ja pelastusteht\u00e4viin kaksitoista minuuttia. H\u00e4lytyksiin osallistuvat koulutuksen saaneet h\u00e4lytysosaston j\u00e4senet ilman henkil\u00f6kohtaista korvausta. Palokunnalla on vuositasolla noin 100 h\u00e4lytysteht\u00e4v\u00e4\u00e4, jotka jakaantuvat puoliksi ensivaste- ja pelastustoimen teht\u00e4vien kesken.<\/p>\n<p>&nbsp;<\/p>\n<p>Karjalohjan vapaaehtoinen palokunta ry on\u00a0 vuonna 1977 perustettu Lohjan kaupungissa aktiivisesti toimiva sopimuspalokunta. Sopimuspalokunnilla on t\u00e4rke\u00e4 rooli pelastustoimen j\u00e4rjestelm\u00e4ss\u00e4. Ne osallistuvat sopimuksensa mukaisesti sammutus- ja pelastustoimintaan ja muodostavat poikkeusoloissa ja v\u00e4est\u00f6nsuojelussa tarvittavan reservin.\u00a0 Sopimuspalokunta toimii ammattipalokunnan tukena ja reservin\u00e4 laajojen tai p\u00e4\u00e4llekk\u00e4isten tilanteiden varalta.<\/p>\n<p>&nbsp;<\/p>\n<p>Karjalohjan VPK\u00a0 toimii ensil\u00e4hd\u00f6n palokuntana ja toimii uusissa ajanmukaisissa vuonna 2013 valmistuneissa toimitiloissa Karjalohjan keskustassa osoitteessa Keskustie 10, Karjalohja. Karjalohjan VPK:lla on h\u00e4lytysosaston lis\u00e4ksi naisosasto, nuoriso-osasto ja veteraaniosasto.<\/p>\n","protected":false},"excerpt":{"rendered":"<p>Karjalohjan VPK huolehtii p\u00e4\u00e4s\u00e4\u00e4nt\u00f6isesti Karjalohjan alueen palo- ja pelastusteht\u00e4vist\u00e4 yhdess\u00e4 L\u00e4nsi-Uudenmaan pelastuslaitoksen kanssa. Karjalohjan VPK avustaa my\u00f6s kiireellist\u00e4 sairaankuljetusta ensivastetoiminnallaan. L\u00e4ht\u00f6aika kaikkina vuorokaudenaikoina (24\/7\/365) on ensivasteteht\u00e4viin kymmenen minuuttia ja palo-ja pelastusteht\u00e4viin kaksitoista minuuttia. H\u00e4lytyksiin osallistuvat koulutuksen saaneet h\u00e4lytysosaston j\u00e4senet ilman &hellip; <a href=\"https:\/\/www.karjalohjanvpk.fi\/\">Lue loppuun <span class=\"meta-nav\">&rarr;<\/span><\/a><\/p>\n","protected":false},"author":1,"featured_media":0,"parent":0,"menu_order":0,"comment_status":"closed","ping_status":"closed","template":"","meta":[],"_links":{"self":[{"href":"https:\/\/www.karjalohjanvpk.fi\/index.php?rest_route=\/wp\/v2\/pages\/182"}],"collection":[{"href":"https:\/\/www.karjalohjanvpk.fi\/index.php?rest_route=\/wp\/v2\/pages"}],"about":[{"href":"https:\/\/www.karjalohjanvpk.fi\/index.php?rest_route=\/wp\/v2\/types\/page"}],"author":[{"embeddable":true,"href":"https:\/\/www.karjalohjanvpk.fi\/index.php?rest_route=\/wp\/v2\/users\/1"}],"replies":[{"embeddable":true,"href":"https:\/\/www.karjalohjanvpk.fi\/index.php?rest_route=%2Fwp%2Fv2%2Fcomments&post=182"}],"version-history":[{"count":0,"href":"https:\/\/www.karjalohjanvpk.fi\/index.php?rest_route=\/wp\/v2\/pages\/182\/revisions"}],"wp:attachment":[{"href":"https:\/\/www.karjalohjanvpk.fi\/index.php?rest_route=%2Fwp%2Fv2%2Fmedia&parent=182"}],"curies":[{"name":"wp","href":"https:\/\/api.w.org\/{rel}","templated":true}]}}